{"id":16,"date":"2016-01-15T16:03:46","date_gmt":"2016-01-15T15:03:46","guid":{"rendered":"https:\/\/www.azurpaysage.fr\/?page_id=16"},"modified":"2026-02-19T18:00:25","modified_gmt":"2026-02-19T17:00:25","slug":"entretien-et-amenagement-de-jardins-dans-le-06-et-monaco","status":"publish","type":"page","link":"https:\/\/www.azurpaysage.fr\/?page_id=16","title":{"rendered":"La soci\u00e9t\u00e9"},"content":{"rendered":"<section class=\"l-section wpb_row height_medium\"><div class=\"l-section-h i-cf\"><div class=\"g-cols vc_row via_flex valign_top type_default stacking_default\"><div class=\"vc_col-sm-12 wpb_column vc_column_container\"><div class=\"vc_column-inner\"><div class=\"wpb_wrapper\"><div class=\"wpb_text_column\"><div class=\"wpb_wrapper\"><h4 style=\"text-align: center;\">Cr\u00e9\u00e9e en 1973 <span>par Alain Torrelli<\/span>, Azur Paysage, sp\u00e9cialis\u00e9e dans l&rsquo;am\u00e9nagement et l&rsquo;entretien de jardins et d&rsquo;espaces verts pour particuliers et professionnels, intervient dans les Alpes-Maritimes et d\u00e9partements limitrophes.<\/h4>\n<\/div><\/div><\/div><\/div><\/div><\/div><\/div><\/section><section class=\"l-section wpb_row height_medium\"><div class=\"l-section-h i-cf\"><div class=\"g-cols vc_row via_flex valign_top type_default stacking_default\"><div class=\"vc_col-sm-4 wpb_column vc_column_container\"><div class=\"vc_column-inner\"><div class=\"wpb_wrapper\"><div class=\"wpb_text_column\"><div class=\"wpb_wrapper\"><h5 class=\"abouttheteam\">DIRECTION &amp; ADMINISTRATION<\/h5>\n<ul>\n<li><strong>Monsieur DEZARNAUD Gaetan<br \/>\n<\/strong>Dirigeant<\/li>\n<li><strong>Madame BONNEBOUCHE Astrid<br \/>\n<\/strong>Associ\u00e9e<\/li>\n<\/ul>\n<h5 class=\"abouttheteam\"><\/h5>\n<\/div><\/div><div class=\"w-separator size_medium with_line width_default thick_5 style_solid color_primary align_center\"><div class=\"w-separator-h\"><\/div><\/div><div class=\"wpb_text_column\"><div class=\"wpb_wrapper\"><h5 class=\"abouttheteam\">ENTREPOT<br \/>\nVALLAURIS \u2013 ST BERNARD<\/h5>\n<ul>\n<li class=\"abouttheteam\">Garage des v\u00e9hicules et mat\u00e9riels<\/li>\n<li class=\"abouttheteam\">D\u00e9part des \u00e9quipes<\/li>\n<li class=\"abouttheteam\">Stockage des fournitures<\/li>\n<li class=\"abouttheteam\">R\u00e9ception des plantes ( origine non locale )<\/li>\n<\/ul>\n<\/div><\/div><\/div><\/div><\/div><div class=\"vc_col-sm-4 wpb_column vc_column_container\"><div class=\"vc_column-inner\"><div class=\"wpb_wrapper\"><div class=\"w-image align_none\"><div class=\"w-image-h\"><img decoding=\"async\" width=\"366\" height=\"640\" src=\"https:\/\/www.azurpaysage.fr\/wp-content\/uploads\/2026\/02\/paysagiste-alpes-maritimes.jpg\" class=\"attachment-large size-large\" alt=\"\" loading=\"lazy\" srcset=\"https:\/\/www.azurpaysage.fr\/wp-content\/uploads\/2026\/02\/paysagiste-alpes-maritimes.jpg 366w, https:\/\/www.azurpaysage.fr\/wp-content\/uploads\/2026\/02\/paysagiste-alpes-maritimes-172x300.jpg 172w\" sizes=\"auto, (max-width: 366px) 100vw, 366px\" \/><\/div><\/div><\/div><\/div><\/div><div class=\"vc_col-sm-4 wpb_column vc_column_container\"><div class=\"vc_column-inner\"><div class=\"wpb_wrapper\"><div class=\"wpb_text_column\"><div class=\"wpb_wrapper\"><h5>PERSONNEL SUR CHANTIERS<\/h5>\n<p>&nbsp;<\/p>\n<ul style=\"list-style-type: square;\">\n<li>1 CONDUCTEUR DE TRAVAUX secteur cr\u00e9ation<\/li>\n<li>1 CONDUCTEUR DE TRAVAUX secteur entretien<\/li>\n<li>1 CHEF D\u2019EQUIPE : Gestion du personnel sur chantiers (ouvriers jardiniers et apprentis)<\/li>\n<li>1 TECHNICIEN SPECIALISE<\/li>\n<li>7 OUVRIERS JARDINIERS<\/li>\n<li>1 CHAUFFEUR POIDS LOURDS<\/li>\n<li>1 CHAUFFEUR 3T5<\/li>\n<li>3 APPRENTIS JARDINIERS en alternance<\/li>\n<\/ul>\n<\/div><\/div><\/div><\/div><\/div><\/div><\/div><\/section>\n","protected":false},"excerpt":{"rendered":"Cr\u00e9\u00e9e en 1973 par Alain Torrelli, Azur Paysage, sp\u00e9cialis\u00e9e dans l&rsquo;am\u00e9nagement et l&rsquo;entretien de jardins et d&rsquo;espaces verts pour particuliers et professionnels, intervient dans les Alpes-Maritimes et d\u00e9partements limitrophes. DIRECTION &amp; ADMINISTRATION Monsieur DEZARNAUD Gaetan Dirigeant Madame BONNEBOUCHE Astrid Associ\u00e9e ENTREPOT VALLAURIS \u2013 ST BERNARD Garage des v\u00e9hicules et mat\u00e9riels D\u00e9part des \u00e9quipes Stockage des...","protected":false},"author":7,"featured_media":0,"parent":0,"menu_order":0,"comment_status":"closed","ping_status":"closed","template":"","meta":{"_acf_changed":false,"footnotes":""},"class_list":["post-16","page","type-page","status-publish","hentry"],"acf":[],"yoast_head":"<!-- This site is optimized with the Yoast SEO plugin v26.7 - https:\/\/yoast.com\/wordpress\/plugins\/seo\/ -->\n<title>Entretien et amenagement de jardins dans le 06 et Monaco<\/title>\n<meta name=\"description\" content=\"Azur Paysage se charge de l&#039;entretien et am\u00e9nagement de jardins et espaces verts dans le 06 et Monaco pour particuliers et professionnels.\" \/>\n<meta name=\"robots\" content=\"index, follow, max-snippet:-1, max-image-preview:large, max-video-preview:-1\" \/>\n<link rel=\"canonical\" href=\"https:\/\/www.azurpaysage.fr\/?page_id=16\" \/>\n<meta property=\"og:locale\" content=\"fr_FR\" \/>\n<meta property=\"og:type\" content=\"article\" \/>\n<meta property=\"og:title\" content=\"Entretien et amenagement de jardins dans le 06 et Monaco\" \/>\n<meta property=\"og:description\" content=\"Azur Paysage se charge de l&#039;entretien et am\u00e9nagement de jardins et espaces verts dans le 06 et Monaco pour particuliers et professionnels.\" \/>\n<meta property=\"og:url\" content=\"https:\/\/www.azurpaysage.fr\/?page_id=16\" \/>\n<meta property=\"og:site_name\" content=\"Azur Paysage\" \/>\n<meta property=\"article:modified_time\" content=\"2026-02-19T17:00:25+00:00\" \/>\n<meta name=\"twitter:card\" content=\"summary_large_image\" \/>\n<meta name=\"twitter:label1\" content=\"Dur\u00e9e de lecture estim\u00e9e\" \/>\n\t<meta name=\"twitter:data1\" content=\"1 minute\" \/>\n<script type=\"application\/ld+json\" class=\"yoast-schema-graph\">{\"@context\":\"https:\/\/schema.org\",\"@graph\":[{\"@type\":\"WebPage\",\"@id\":\"https:\/\/www.azurpaysage.fr\/?page_id=16\",\"url\":\"https:\/\/www.azurpaysage.fr\/?page_id=16\",\"name\":\"Entretien et amenagement de jardins dans le 06 et Monaco\",\"isPartOf\":{\"@id\":\"https:\/\/www.azurpaysage.fr\/#website\"},\"datePublished\":\"2016-01-15T15:03:46+00:00\",\"dateModified\":\"2026-02-19T17:00:25+00:00\",\"description\":\"Azur Paysage se charge de l'entretien et am\u00e9nagement de jardins et espaces verts dans le 06 et Monaco pour particuliers et professionnels.\",\"breadcrumb\":{\"@id\":\"https:\/\/www.azurpaysage.fr\/?page_id=16#breadcrumb\"},\"inLanguage\":\"fr-FR\",\"potentialAction\":[{\"@type\":\"ReadAction\",\"target\":[\"https:\/\/www.azurpaysage.fr\/?page_id=16\"]}]},{\"@type\":\"BreadcrumbList\",\"@id\":\"https:\/\/www.azurpaysage.fr\/?page_id=16#breadcrumb\",\"itemListElement\":[{\"@type\":\"ListItem\",\"position\":1,\"name\":\"Accueil\",\"item\":\"https:\/\/www.azurpaysage.fr\/\"},{\"@type\":\"ListItem\",\"position\":2,\"name\":\"La soci\u00e9t\u00e9\"}]},{\"@type\":\"WebSite\",\"@id\":\"https:\/\/www.azurpaysage.fr\/#website\",\"url\":\"https:\/\/www.azurpaysage.fr\/\",\"name\":\"Azur Paysage\",\"description\":\"Paysagiste \u00e0 Golfe-Juan\",\"potentialAction\":[{\"@type\":\"SearchAction\",\"target\":{\"@type\":\"EntryPoint\",\"urlTemplate\":\"https:\/\/www.azurpaysage.fr\/?s={search_term_string}\"},\"query-input\":{\"@type\":\"PropertyValueSpecification\",\"valueRequired\":true,\"valueName\":\"search_term_string\"}}],\"inLanguage\":\"fr-FR\"}]}<\/script>\n<!-- \/ Yoast SEO plugin. -->","yoast_head_json":{"title":"Entretien et amenagement de jardins dans le 06 et Monaco","description":"Azur Paysage se charge de l'entretien et am\u00e9nagement de jardins et espaces verts dans le 06 et Monaco pour particuliers et professionnels.","robots":{"index":"index","follow":"follow","max-snippet":"max-snippet:-1","max-image-preview":"max-image-preview:large","max-video-preview":"max-video-preview:-1"},"canonical":"https:\/\/www.azurpaysage.fr\/?page_id=16","og_locale":"fr_FR","og_type":"article","og_title":"Entretien et amenagement de jardins dans le 06 et Monaco","og_description":"Azur Paysage se charge de l'entretien et am\u00e9nagement de jardins et espaces verts dans le 06 et Monaco pour particuliers et professionnels.","og_url":"https:\/\/www.azurpaysage.fr\/?page_id=16","og_site_name":"Azur Paysage","article_modified_time":"2026-02-19T17:00:25+00:00","twitter_card":"summary_large_image","twitter_misc":{"Dur\u00e9e de lecture estim\u00e9e":"1 minute"},"schema":{"@context":"https:\/\/schema.org","@graph":[{"@type":"WebPage","@id":"https:\/\/www.azurpaysage.fr\/?page_id=16","url":"https:\/\/www.azurpaysage.fr\/?page_id=16","name":"Entretien et amenagement de jardins dans le 06 et Monaco","isPartOf":{"@id":"https:\/\/www.azurpaysage.fr\/#website"},"datePublished":"2016-01-15T15:03:46+00:00","dateModified":"2026-02-19T17:00:25+00:00","description":"Azur Paysage se charge de l'entretien et am\u00e9nagement de jardins et espaces verts dans le 06 et Monaco pour particuliers et professionnels.","breadcrumb":{"@id":"https:\/\/www.azurpaysage.fr\/?page_id=16#breadcrumb"},"inLanguage":"fr-FR","potentialAction":[{"@type":"ReadAction","target":["https:\/\/www.azurpaysage.fr\/?page_id=16"]}]},{"@type":"BreadcrumbList","@id":"https:\/\/www.azurpaysage.fr\/?page_id=16#breadcrumb","itemListElement":[{"@type":"ListItem","position":1,"name":"Accueil","item":"https:\/\/www.azurpaysage.fr\/"},{"@type":"ListItem","position":2,"name":"La soci\u00e9t\u00e9"}]},{"@type":"WebSite","@id":"https:\/\/www.azurpaysage.fr\/#website","url":"https:\/\/www.azurpaysage.fr\/","name":"Azur Paysage","description":"Paysagiste \u00e0 Golfe-Juan","potentialAction":[{"@type":"SearchAction","target":{"@type":"EntryPoint","urlTemplate":"https:\/\/www.azurpaysage.fr\/?s={search_term_string}"},"query-input":{"@type":"PropertyValueSpecification","valueRequired":true,"valueName":"search_term_string"}}],"inLanguage":"fr-FR"}]}},"_links":{"self":[{"href":"https:\/\/www.azurpaysage.fr\/index.php?rest_route=\/wp\/v2\/pages\/16","targetHints":{"allow":["GET"]}}],"collection":[{"href":"https:\/\/www.azurpaysage.fr\/index.php?rest_route=\/wp\/v2\/pages"}],"about":[{"href":"https:\/\/www.azurpaysage.fr\/index.php?rest_route=\/wp\/v2\/types\/page"}],"author":[{"embeddable":true,"href":"https:\/\/www.azurpaysage.fr\/index.php?rest_route=\/wp\/v2\/users\/7"}],"replies":[{"embeddable":true,"href":"https:\/\/www.azurpaysage.fr\/index.php?rest_route=%2Fwp%2Fv2%2Fcomments&post=16"}],"version-history":[{"count":7,"href":"https:\/\/www.azurpaysage.fr\/index.php?rest_route=\/wp\/v2\/pages\/16\/revisions"}],"predecessor-version":[{"id":682,"href":"https:\/\/www.azurpaysage.fr\/index.php?rest_route=\/wp\/v2\/pages\/16\/revisions\/682"}],"wp:attachment":[{"href":"https:\/\/www.azurpaysage.fr\/index.php?rest_route=%2Fwp%2Fv2%2Fmedia&parent=16"}],"curies":[{"name":"wp","href":"https:\/\/api.w.org\/{rel}","templated":true}]}}

La société

<section class="l-section wpb_row height_medium"><div class="l-section-h i-cf"><div class="g-cols vc_row via_flex valign_top type_default stacking_default"><div class="vc_col-sm-12 wpb_column vc_column_container"><div class="vc_column-inner"><div class="wpb_wrapper"><div class="wpb_text_column"><div class="wpb_wrapper"><h4 style="text-align: center;">Créée en 1973 <span>par Alain Torrelli</span>, Azur Paysage, spécialisée dans l&rsquo;aménagement et l&rsquo;entretien de jardins et d&rsquo;espaces verts pour particuliers et professionnels, intervient dans les Alpes-Maritimes et départements limitrophes.</h4>
</div></div></div></div></div></div></div></section><section class="l-section wpb_row height_medium"><div class="l-section-h i-cf"><div class="g-cols vc_row via_flex valign_top type_default stacking_default"><div class="vc_col-sm-4 wpb_column vc_column_container"><div class="vc_column-inner"><div class="wpb_wrapper"><div class="wpb_text_column"><div class="wpb_wrapper"><h5 class="abouttheteam">DIRECTION &amp; ADMINISTRATION</h5>
<ul>
<li><strong>Monsieur DEZARNAUD Gaetan<br />
</strong>Dirigeant</li>
<li><strong>Madame BONNEBOUCHE Astrid<br />
</strong>Associée</li>
</ul>
<h5 class="abouttheteam"></h5>
</div></div><div class="w-separator size_medium with_line width_default thick_5 style_solid color_primary align_center"><div class="w-separator-h"></div></div><div class="wpb_text_column"><div class="wpb_wrapper"><h5 class="abouttheteam">ENTREPOT<br />
VALLAURIS – ST BERNARD</h5>
<ul>
<li class="abouttheteam">Garage des véhicules et matériels</li>
<li class="abouttheteam">Départ des équipes</li>
<li class="abouttheteam">Stockage des fournitures</li>
<li class="abouttheteam">Réception des plantes ( origine non locale )</li>
</ul>
</div></div></div></div></div><div class="vc_col-sm-4 wpb_column vc_column_container"><div class="vc_column-inner"><div class="wpb_wrapper"><div class="w-image align_none"><div class="w-image-h"><img decoding="async" width="366" height="640" src="https://www.azurpaysage.fr/wp-content/uploads/2026/02/paysagiste-alpes-maritimes.jpg" class="attachment-large size-large" alt="" loading="lazy" srcset="https://www.azurpaysage.fr/wp-content/uploads/2026/02/paysagiste-alpes-maritimes.jpg 366w, https://www.azurpaysage.fr/wp-content/uploads/2026/02/paysagiste-alpes-maritimes-172x300.jpg 172w" sizes="auto, (max-width: 366px) 100vw, 366px" /></div></div></div></div></div><div class="vc_col-sm-4 wpb_column vc_column_container"><div class="vc_column-inner"><div class="wpb_wrapper"><div class="wpb_text_column"><div class="wpb_wrapper"><h5>PERSONNEL SUR CHANTIERS</h5>
<p>&nbsp;</p>
<ul style="list-style-type: square;">
<li>1 CONDUCTEUR DE TRAVAUX secteur création</li>
<li>1 CONDUCTEUR DE TRAVAUX secteur entretien</li>
<li>1 CHEF D’EQUIPE : Gestion du personnel sur chantiers (ouvriers jardiniers et apprentis)</li>
<li>1 TECHNICIEN SPECIALISE</li>
<li>7 OUVRIERS JARDINIERS</li>
<li>1 CHAUFFEUR POIDS LOURDS</li>
<li>1 CHAUFFEUR 3T5</li>
<li>3 APPRENTIS JARDINIERS en alternance</li>
</ul>
</div></div></div></div></div></div></div></section>

Créée en 1973 par Alain Torrelli, Azur Paysage, spécialisée dans l&rsquo;aménagement et l&rsquo;entretien de jardins et d&rsquo;espaces verts pour particuliers et professionnels, intervient dans les Alpes-Maritimes et départements limitrophes. DIRECTION &amp; ADMINISTRATION Monsieur DEZARNAUD Gaetan Dirigeant Madame BONNEBOUCHE Astrid Associée ENTREPOT VALLAURIS – ST BERNARD Garage des véhicules et matériels Départ des équipes Stockage des...

<!-- This site is optimized with the Yoast SEO plugin v26.7 - https://yoast.com/wordpress/plugins/seo/ -->
<title>Entretien et amenagement de jardins dans le 06 et Monaco</title>
<meta name="description" content="Azur Paysage se charge de l&#039;entretien et aménagement de jardins et espaces verts dans le 06 et Monaco pour particuliers et professionnels." />
<meta name="robots" content="index, follow, max-snippet:-1, max-image-preview:large, max-video-preview:-1" />
<link rel="canonical" href="https://www.azurpaysage.fr/?page_id=16" />
<meta property="og:locale" content="fr_FR" />
<meta property="og:type" content="article" />
<meta property="og:title" content="Entretien et amenagement de jardins dans le 06 et Monaco" />
<meta property="og:description" content="Azur Paysage se charge de l&#039;entretien et aménagement de jardins et espaces verts dans le 06 et Monaco pour particuliers et professionnels." />
<meta property="og:url" content="https://www.azurpaysage.fr/?page_id=16" />
<meta property="og:site_name" content="Azur Paysage" />
<meta property="article:modified_time" content="2026-02-19T17:00:25+00:00" />
<meta name="twitter:card" content="summary_large_image" />
<meta name="twitter:label1" content="Durée de lecture estimée" />
	<meta name="twitter:data1" content="1 minute" />
<script type="application/ld+json" class="yoast-schema-graph">{"@context":"https://schema.org","@graph":[{"@type":"WebPage","@id":"https://www.azurpaysage.fr/?page_id=16","url":"https://www.azurpaysage.fr/?page_id=16","name":"Entretien et amenagement de jardins dans le 06 et Monaco","isPartOf":{"@id":"https://www.azurpaysage.fr/#website"},"datePublished":"2016-01-15T15:03:46+00:00","dateModified":"2026-02-19T17:00:25+00:00","description":"Azur Paysage se charge de l'entretien et aménagement de jardins et espaces verts dans le 06 et Monaco pour particuliers et professionnels.","breadcrumb":{"@id":"https://www.azurpaysage.fr/?page_id=16#breadcrumb"},"inLanguage":"fr-FR","potentialAction":[{"@type":"ReadAction","target":["https://www.azurpaysage.fr/?page_id=16"]}]},{"@type":"BreadcrumbList","@id":"https://www.azurpaysage.fr/?page_id=16#breadcrumb","itemListElement":[{"@type":"ListItem","position":1,"name":"Accueil","item":"https://www.azurpaysage.fr/"},{"@type":"ListItem","position":2,"name":"La société"}]},{"@type":"WebSite","@id":"https://www.azurpaysage.fr/#website","url":"https://www.azurpaysage.fr/","name":"Azur Paysage","description":"Paysagiste à Golfe-Juan","potentialAction":[{"@type":"SearchAction","target":{"@type":"EntryPoint","urlTemplate":"https://www.azurpaysage.fr/?s={search_term_string}"},"query-input":{"@type":"PropertyValueSpecification","valueRequired":true,"valueName":"search_term_string"}}],"inLanguage":"fr-FR"}]}</script>
<!-- / Yoast SEO plugin. -->

Azur Paysage se charge de l'entretien et aménagement de jardins et espaces verts dans le 06 et Monaco pour particuliers et professionnels.

Paysagiste à Golfe-Juan
